{"id":1082,"date":"2024-03-29T18:45:55","date_gmt":"2024-03-29T18:45:55","guid":{"rendered":"http:\/\/www.semente-de-letras.pt\/website\/?page_id=1082"},"modified":"2025-11-14T22:14:27","modified_gmt":"2025-11-14T22:14:27","slug":"aprender-a-jogar-golfe","status":"publish","type":"page","link":"https:\/\/www.semente-de-letras.pt\/website\/aprender-a-jogar-golfe\/","title":{"rendered":"Aprender a jogar Golfe"},"content":{"rendered":"<p style=\"text-align: center;\"><img loading=\"lazy\" decoding=\"async\" class=\"aligncenter size-medium wp-image-1101\" src=\"https:\/\/www.semente-de-letras.pt\/website\/wp-content\/uploads\/2024\/03\/capa_manual_aprender_jogar_golfe-234x300.jpg\" alt=\"\" width=\"234\" height=\"300\" srcset=\"https:\/\/www.semente-de-letras.pt\/website\/wp-content\/uploads\/2024\/03\/capa_manual_aprender_jogar_golfe-234x300.jpg 234w, https:\/\/www.semente-de-letras.pt\/website\/wp-content\/uploads\/2024\/03\/capa_manual_aprender_jogar_golfe.jpg 390w\" sizes=\"auto, (max-width: 234px) 100vw, 234px\" \/><\/p>\n<p><span style=\"font-family: verdana, geneva, sans-serif; font-size: 10pt;\">2022 \u2013 108 p\u00e1ginas ISBN 978-989-33-3793-6 \/ Dep\u00f3sito Legal n.\u00ba 503744\/22<br \/>\nAutor: <strong>M\u00e1rio Jorge L. Silva<br \/>\n<\/strong>Edi\u00e7\u00e3o:&nbsp;<a href=\"http:\/\/semente-de-letras.pt\">Semente de Letras<\/a><br \/>\n<\/span><span style=\"font-family: verdana, geneva, sans-serif; font-size: 10pt;\">Pref\u00e1cio de Jo\u00e3o Barreiros<\/span><\/p>\n<hr>\n<p><em><span style=\"font-family: verdana, geneva, sans-serif; font-size: 10pt;\">&#8220;Considerar-se a diversidade dos atletas, \u00e9 permitir a todos uma chance para aprender, na medida em que , tendo c\u00e9rebro humano uma necessidade permanente de l\u00f3gica, aprende-se melhor quando os desafios (objetivos ou metas) s\u00e3o realistas, elevando-se, tamb\u00e9m assim, a qualidade do ensino e das aprendizagens.&#8221;<\/span><\/em><\/p>\n<p style=\"text-align: right;\"><span style=\"font-family: verdana, geneva, sans-serif; font-size: 8pt;\">M\u00e1rio Jorge L. Silva<\/span><\/p>\n<table style=\"border-collapse: collapse; width: 100%;\">\n<tbody>\n<tr>\n<td style=\"width: 50%; text-align: center;\"><img loading=\"lazy\" decoding=\"async\" class=\"aligncenter size-medium wp-image-1383\" src=\"https:\/\/www.semente-de-letras.pt\/website\/wp-content\/uploads\/2024\/09\/saco_golfe-300x169.jpg\" alt=\"\" width=\"300\" height=\"169\" srcset=\"https:\/\/www.semente-de-letras.pt\/website\/wp-content\/uploads\/2024\/09\/saco_golfe-300x169.jpg 300w, https:\/\/www.semente-de-letras.pt\/website\/wp-content\/uploads\/2024\/09\/saco_golfe-1024x575.jpg 1024w, https:\/\/www.semente-de-letras.pt\/website\/wp-content\/uploads\/2024\/09\/saco_golfe-768x431.jpg 768w, https:\/\/www.semente-de-letras.pt\/website\/wp-content\/uploads\/2024\/09\/saco_golfe.jpg 1191w\" sizes=\"auto, (max-width: 300px) 100vw, 300px\" \/><\/td>\n<td style=\"width: 50%; text-align: center;\"><img loading=\"lazy\" decoding=\"async\" class=\"aligncenter size-medium wp-image-1384\" src=\"https:\/\/www.semente-de-letras.pt\/website\/wp-content\/uploads\/2024\/09\/mao_na_bola-300x167.jpg\" alt=\"\" width=\"300\" height=\"167\" srcset=\"https:\/\/www.semente-de-letras.pt\/website\/wp-content\/uploads\/2024\/09\/mao_na_bola-300x167.jpg 300w, https:\/\/www.semente-de-letras.pt\/website\/wp-content\/uploads\/2024\/09\/mao_na_bola-1024x571.jpg 1024w, https:\/\/www.semente-de-letras.pt\/website\/wp-content\/uploads\/2024\/09\/mao_na_bola-768x428.jpg 768w, https:\/\/www.semente-de-letras.pt\/website\/wp-content\/uploads\/2024\/09\/mao_na_bola.jpg 1454w\" sizes=\"auto, (max-width: 300px) 100vw, 300px\" \/><\/td>\n<\/tr>\n<\/tbody>\n<\/table>\n<p><span style=\"font-family: verdana, geneva, sans-serif; font-size: 10pt;\"><strong><em>Sinopse<br \/>\n<\/em><\/strong><\/span><span style=\"font-family: verdana, geneva, sans-serif; font-size: 10pt;\"><em>&#8220;O Golfe \u00e9 uma modalidade desportiva que pode ser praticada durante toda a nossa vida, permitindo a agrega\u00e7\u00e3o de v\u00e1rias gera\u00e7\u00f5es familiares. Proporciona uma saud\u00e1vel forma de vida, sendo divertido, competitivo, social e exige uma enorme capacidade de concentra\u00e7\u00e3o para a execu\u00e7\u00e3o das diferentes t\u00e9cnicas espec\u00edficas. N\u00e3o se encontram dois jogos iguais, raramente se repete a mesma situa\u00e7\u00e3o, porque as circunst\u00e2ncias envolventes s\u00e3o sempre diferentes, tornando-se, assim, num jogo sempre diferente.&#8221;<\/em><\/span><\/p>\n<p style=\"text-align: right;\"><span style=\"font-family: verdana, geneva, sans-serif; font-size: 8pt;\">M\u00e1rio Jorge L. Silva<\/span><\/p>\n","protected":false},"excerpt":{"rendered":"<p>2022 \u2013 108 p\u00e1ginas ISBN 978-989-33-3793-6 \/ Dep\u00f3sito Legal n.\u00ba 503744\/22 Autor: M\u00e1rio Jorge L. Silva Edi\u00e7\u00e3o:&nbsp;Semente de Letras Pref\u00e1cio de Jo\u00e3o Barreiros &#8220;Considerar-se a diversidade dos atletas, \u00e9 permitir a todos uma chance para aprender, na medida em que , tendo c\u00e9rebro humano uma necessidade permanente de l\u00f3gica, aprende-se melhor quando os desafios (objetivos &hellip; <\/p>\n<p class=\"link-more\"><a href=\"https:\/\/www.semente-de-letras.pt\/website\/aprender-a-jogar-golfe\/\" class=\"more-link\">Continuar a ler <span class=\"screen-reader-text\">&#8220;Aprender a jogar Golfe&#8221;<\/span><\/a><\/p>\n","protected":false},"author":1,"featured_media":0,"parent":0,"menu_order":0,"comment_status":"closed","ping_status":"closed","template":"","meta":{"ngg_post_thumbnail":0,"footnotes":""},"class_list":["post-1082","page","type-page","status-publish","hentry"],"_links":{"self":[{"href":"https:\/\/www.semente-de-letras.pt\/website\/wp-json\/wp\/v2\/pages\/1082","targetHints":{"allow":["GET"]}}],"collection":[{"href":"https:\/\/www.semente-de-letras.pt\/website\/wp-json\/wp\/v2\/pages"}],"about":[{"href":"https:\/\/www.semente-de-letras.pt\/website\/wp-json\/wp\/v2\/types\/page"}],"author":[{"embeddable":true,"href":"https:\/\/www.semente-de-letras.pt\/website\/wp-json\/wp\/v2\/users\/1"}],"replies":[{"embeddable":true,"href":"https:\/\/www.semente-de-letras.pt\/website\/wp-json\/wp\/v2\/comments?post=1082"}],"version-history":[{"count":8,"href":"https:\/\/www.semente-de-letras.pt\/website\/wp-json\/wp\/v2\/pages\/1082\/revisions"}],"predecessor-version":[{"id":2027,"href":"https:\/\/www.semente-de-letras.pt\/website\/wp-json\/wp\/v2\/pages\/1082\/revisions\/2027"}],"wp:attachment":[{"href":"https:\/\/www.semente-de-letras.pt\/website\/wp-json\/wp\/v2\/media?parent=1082"}],"curies":[{"name":"wp","href":"https:\/\/api.w.org\/{rel}","templated":true}]}}