{"id":257,"date":"2020-04-02T20:52:01","date_gmt":"2020-04-02T20:52:01","guid":{"rendered":"http:\/\/www.semente-de-letras.pt\/website\/?page_id=257"},"modified":"2024-11-01T22:49:45","modified_gmt":"2024-11-01T22:49:45","slug":"ligacoes-uteis","status":"publish","type":"page","link":"https:\/\/www.semente-de-letras.pt\/website\/literatura\/ligacoes-uteis\/","title":{"rendered":"liga\u00e7\u00f5es \u00fateis"},"content":{"rendered":"<p>&nbsp;<\/p>\n<ul>\n<li><a href=\"https:\/\/web.archive.org\/web\/20160205163749\/http:\/www.apel.pt\/pageview.aspx?pageid=228&amp;langid=1\" target=\"_blank\" rel=\"noopener\">Associa\u00e7\u00e3o Portuguesa de Editores e Livreiros | APEL<\/a><\/li>\n<li><a href=\"https:\/\/web.archive.org\/web\/20160205163749\/http:\/www.bnportugal.pt\/\" target=\"_blank\" rel=\"noopener\">Biblioteca Nacional<\/a><\/li>\n<li><a href=\"https:\/\/web.archive.org\/web\/20160205163749\/http:\/www.portuguesaebrasileira.com\/feiras.html\" target=\"_blank\" rel=\"noopener\">Feiras do Livro em Portugal e no Estrangeiro<\/a><\/li>\n<li><a href=\"https:\/\/web.archive.org\/web\/20160205163749\/http:\/www.artesentreasletras.com.pt\/\" target=\"_blank\" rel=\"noopener\">Jornal &#8220;As Artes entre as Letras&#8221;<\/a><\/li>\n<li><a href=\"https:\/\/web.archive.org\/web\/20160205163749\/http:\/www.minerva-online.pt\/\" target=\"_blank\" rel=\"noopener\">MINERVA | artes gr\u00e1ficas<\/a><\/li>\n<li><a href=\"https:\/\/web.archive.org\/web\/20160205163749\/http:\/www.planonacionaldeleitura.gov.pt\/index1.php\" target=\"_blank\" rel=\"noopener\">Plano Nacional de Leitura | PNL<\/a><\/li>\n<li><a href=\"https:\/\/web.archive.org\/web\/20160205163749\/http:\/www.spautores.pt\/\" target=\"_blank\" rel=\"noopener\">Sociedade Portuguesa de Autores | SPA<\/a><\/li>\n<\/ul>\n","protected":false},"excerpt":{"rendered":"<p>&nbsp; Associa\u00e7\u00e3o Portuguesa de Editores e Livreiros | APEL Biblioteca Nacional Feiras do Livro em Portugal e no Estrangeiro Jornal &#8220;As Artes entre as Letras&#8221; MINERVA | artes gr\u00e1ficas Plano Nacional de Leitura | PNL Sociedade Portuguesa de Autores | SPA<\/p>\n","protected":false},"author":1,"featured_media":0,"parent":8,"menu_order":7,"comment_status":"closed","ping_status":"closed","template":"","meta":{"ngg_post_thumbnail":0,"footnotes":""},"class_list":["post-257","page","type-page","status-publish","hentry"],"_links":{"self":[{"href":"https:\/\/www.semente-de-letras.pt\/website\/wp-json\/wp\/v2\/pages\/257","targetHints":{"allow":["GET"]}}],"collection":[{"href":"https:\/\/www.semente-de-letras.pt\/website\/wp-json\/wp\/v2\/pages"}],"about":[{"href":"https:\/\/www.semente-de-letras.pt\/website\/wp-json\/wp\/v2\/types\/page"}],"author":[{"embeddable":true,"href":"https:\/\/www.semente-de-letras.pt\/website\/wp-json\/wp\/v2\/users\/1"}],"replies":[{"embeddable":true,"href":"https:\/\/www.semente-de-letras.pt\/website\/wp-json\/wp\/v2\/comments?post=257"}],"version-history":[{"count":5,"href":"https:\/\/www.semente-de-letras.pt\/website\/wp-json\/wp\/v2\/pages\/257\/revisions"}],"predecessor-version":[{"id":1578,"href":"https:\/\/www.semente-de-letras.pt\/website\/wp-json\/wp\/v2\/pages\/257\/revisions\/1578"}],"up":[{"embeddable":true,"href":"https:\/\/www.semente-de-letras.pt\/website\/wp-json\/wp\/v2\/pages\/8"}],"wp:attachment":[{"href":"https:\/\/www.semente-de-letras.pt\/website\/wp-json\/wp\/v2\/media?parent=257"}],"curies":[{"name":"wp","href":"https:\/\/api.w.org\/{rel}","templated":true}]}}