{"id":89,"date":"2020-04-01T14:29:50","date_gmt":"2020-04-01T14:29:50","guid":{"rendered":"http:\/\/www.semente-de-letras.pt\/website\/?page_id=89"},"modified":"2025-12-31T12:01:03","modified_gmt":"2025-12-31T12:01:03","slug":"publicacoes","status":"publish","type":"page","link":"https:\/\/www.semente-de-letras.pt\/website\/literatura\/publicacoes\/","title":{"rendered":"publica\u00e7\u00f5es"},"content":{"rendered":"<p><a id=\"A0\"><\/a><img loading=\"lazy\" decoding=\"async\" class=\"aligncenter wp-image-1716 size-full\" src=\"https:\/\/www.semente-de-letras.pt\/website\/wp-content\/uploads\/2025\/02\/publications_img.png\" alt=\"\" width=\"1456\" height=\"816\" srcset=\"https:\/\/www.semente-de-letras.pt\/website\/wp-content\/uploads\/2025\/02\/publications_img.png 1456w, https:\/\/www.semente-de-letras.pt\/website\/wp-content\/uploads\/2025\/02\/publications_img-300x168.png 300w, https:\/\/www.semente-de-letras.pt\/website\/wp-content\/uploads\/2025\/02\/publications_img-1024x574.png 1024w, https:\/\/www.semente-de-letras.pt\/website\/wp-content\/uploads\/2025\/02\/publications_img-768x430.png 768w\" sizes=\"auto, (max-width: 767px) 89vw, (max-width: 1000px) 54vw, (max-width: 1071px) 543px, 580px\" \/><\/p>\n<p style=\"text-align: center;\"><span style=\"font-family: verdana, geneva, sans-serif; font-size: 8pt;\">Todas as obras s\u00e3o redigidas segundo o <a title=\"Conven\u00e7\u00e3o que estipula regras sobre como escrever.\" href=\"https:\/\/www.dge.mec.pt\/sites\/default\/files\/Curriculo\/Acordo_Ortografico\/documentos\/o_novo_ao_0.pdf\" target=\"_blank\" rel=\"noopener\">Novo Acordo Ortogr\u00e1fico<\/a> (1990)<\/span><\/p>\n<hr>\n<p><a title=\"As perip\u00e9cias de um pequeno livro numa grande biblioteca\" href=\"http:\/\/www.semente-de-letras.pt\/website\/?page_id=201\" rel=\"nofollow\"><span style=\"font-family: verdana, geneva, sans-serif; font-size: 10pt;\">&#8220;O Livrinho Vermelho&#8221;<\/span><\/a><\/p>\n<p><a title=\"Tr\u00eas pequenas hist\u00f3rias sobre o mundo da arte\" href=\"http:\/\/www.semente-de-letras.pt\/website\/?page_id=203\" rel=\"nofollow\"><span style=\"font-family: verdana, geneva, sans-serif; font-size: 10pt;\">&#8220;Hist\u00f3rias Improv\u00e1veis | no mundo das artes&#8221;<\/span><\/a><\/p>\n<p><a title=\"Uma hist\u00f3ria sobre a m\u00fasica e seus instrumentos que ganham vida...\" href=\"http:\/\/www.semente-de-letras.pt\/website\/?page_id=206\" rel=\"nofollow\"><span style=\"font-family: verdana, geneva, sans-serif; font-size: 10pt;\">&#8220;Hist\u00f3rias Improv\u00e1veis | no mundo da m\u00fasica&#8221;<\/span><\/a><\/p>\n<p><a title=\"O mundo romano e seu famoso molho Garum, uma maravilha da gastronomia\" href=\"http:\/\/www.semente-de-letras.pt\/website\/?page_id=209\" rel=\"nofollow\"><span style=\"font-family: verdana, geneva, sans-serif; font-size: 10pt;\">&#8220;O Enigma de Garum | cole\u00e7\u00e3o o Mundo de Ernesto&#8221;<\/span><\/a><\/p>\n<p><a title=\"Um foral manuelino, um mosteiro e muito mist\u00e9rio\" href=\"http:\/\/www.semente-de-letras.pt\/website\/?page_id=213\" rel=\"nofollow\"><span style=\"font-family: verdana, geneva, sans-serif; font-size: 10pt;\">&#8220;O Enigma do Foral | cole\u00e7\u00e3o o Mundo de Ernesto&#8221;<\/span><\/a><\/p>\n<p><a title=\"Um manual para saber tudo o que precisa sobre o jogo de golfe\" href=\"http:\/\/www.semente-de-letras.pt\/website\/aprender-a-jogar-golfe\/\" rel=\"nofollow\"><span style=\"font-family: verdana, geneva, sans-serif; font-size: 10pt;\">&#8220;Aprender a jogar Golfe&#8221; | manual de aprendizagem&#8221;<\/span><\/a><\/p>\n<p><a title=\"Um mist\u00e9rio nos Caminhos de Santiago... na neblina dos caminhos nasce esta aventura\" href=\"http:\/\/www.semente-de-letras.pt\/website\/o-enigma-de-santiago\/\" rel=\"nofollow\"><span style=\"font-family: verdana, geneva, sans-serif; font-size: 10pt;\">&#8220;O Enigma de Santiago&nbsp;| nos Caminhos para Compostela&#8221;<\/span><\/a><\/p>\n<p><a title=\"Arte urbana... uma cole\u00e7\u00e3o de desenho e pintura para explorar o mundo das artes\" href=\"https:\/\/www.semente-de-letras.pt\/website\/quem-desenha-quer-pintar\/\" rel=\"nofollow\"><span style=\"font-family: verdana, geneva, sans-serif; font-size: 10pt;\">&#8220;Quem desenha quer pintar&#8221;<\/span><\/a><\/p>\n<p style=\"text-align: right;\"><span style=\"font-family: verdana, geneva, sans-serif; font-size: 8pt;\">[<a href=\"#A0\" rel=\"\">para cima<\/a>]<\/span><\/p>\n","protected":false},"excerpt":{"rendered":"<p>Todas as obras s\u00e3o redigidas segundo o Novo Acordo Ortogr\u00e1fico (1990) &#8220;O Livrinho Vermelho&#8221; &#8220;Hist\u00f3rias Improv\u00e1veis | no mundo das artes&#8221; &#8220;Hist\u00f3rias Improv\u00e1veis | no mundo da m\u00fasica&#8221; &#8220;O Enigma de Garum | cole\u00e7\u00e3o o Mundo de Ernesto&#8221; &#8220;O Enigma do Foral | cole\u00e7\u00e3o o Mundo de Ernesto&#8221; &#8220;Aprender a jogar Golfe&#8221; | manual de &hellip; <\/p>\n<p class=\"link-more\"><a href=\"https:\/\/www.semente-de-letras.pt\/website\/literatura\/publicacoes\/\" class=\"more-link\">Continuar a ler <span class=\"screen-reader-text\">&#8220;publica\u00e7\u00f5es&#8221;<\/span><\/a><\/p>\n","protected":false},"author":1,"featured_media":0,"parent":8,"menu_order":2,"comment_status":"closed","ping_status":"closed","template":"","meta":{"ngg_post_thumbnail":0,"footnotes":""},"class_list":["post-89","page","type-page","status-publish","hentry"],"_links":{"self":[{"href":"https:\/\/www.semente-de-letras.pt\/website\/wp-json\/wp\/v2\/pages\/89","targetHints":{"allow":["GET"]}}],"collection":[{"href":"https:\/\/www.semente-de-letras.pt\/website\/wp-json\/wp\/v2\/pages"}],"about":[{"href":"https:\/\/www.semente-de-letras.pt\/website\/wp-json\/wp\/v2\/types\/page"}],"author":[{"embeddable":true,"href":"https:\/\/www.semente-de-letras.pt\/website\/wp-json\/wp\/v2\/users\/1"}],"replies":[{"embeddable":true,"href":"https:\/\/www.semente-de-letras.pt\/website\/wp-json\/wp\/v2\/comments?post=89"}],"version-history":[{"count":54,"href":"https:\/\/www.semente-de-letras.pt\/website\/wp-json\/wp\/v2\/pages\/89\/revisions"}],"predecessor-version":[{"id":2094,"href":"https:\/\/www.semente-de-letras.pt\/website\/wp-json\/wp\/v2\/pages\/89\/revisions\/2094"}],"up":[{"embeddable":true,"href":"https:\/\/www.semente-de-letras.pt\/website\/wp-json\/wp\/v2\/pages\/8"}],"wp:attachment":[{"href":"https:\/\/www.semente-de-letras.pt\/website\/wp-json\/wp\/v2\/media?parent=89"}],"curies":[{"name":"wp","href":"https:\/\/api.w.org\/{rel}","templated":true}]}}