{"id":93,"date":"2020-04-01T14:30:38","date_gmt":"2020-04-01T14:30:38","guid":{"rendered":"http:\/\/www.semente-de-letras.pt\/website\/?page_id=93"},"modified":"2026-01-02T21:39:04","modified_gmt":"2026-01-02T21:39:04","slug":"colaboradores","status":"publish","type":"page","link":"https:\/\/www.semente-de-letras.pt\/website\/literatura\/colaboradores\/","title":{"rendered":"colaboradores"},"content":{"rendered":"<header class=\"entry-header\"><\/header>\n<h1><span style=\"font-family: verdana, geneva, sans-serif; font-size: 10pt;\"><strong>bolsa de escritores<\/strong><\/span><\/h1>\n<p><span style=\"font-family: verdana, geneva, sans-serif; font-size: 10pt;\"><a href=\"https:\/\/jorgebasilio.myportfolio.com\/\" target=\"_blank\" rel=\"noopener\"><strong>JORGE BAS\u00cdLIO<\/strong><\/a> | escritor<\/span><br \/>\n<span style=\"font-family: verdana, geneva, sans-serif; font-size: 10pt;\">Professor do Ensino B\u00e1sico, licenciado em Educa\u00e7\u00e3o Visual e mestrado em Tecnologia Educativa, \u00e9 formador na \u00e1rea da educa\u00e7\u00e3o.<\/span><\/p>\n<p><span style=\"font-family: verdana, geneva, sans-serif; font-size: 10pt;\"><strong>ZULMIRA LIMA<\/strong> | escritora<\/span><br \/>\n<span style=\"font-family: verdana, geneva, sans-serif; font-size: 10pt;\">Professora do Ensino P\u00fablico, possui um mestrado em Administra\u00e7\u00e3o e Planifica\u00e7\u00e3o da Educa\u00e7\u00e3o e Especializa\u00e7\u00e3o em Bibliotecas Escolares; \u00e9 formadora de professores.<\/span><\/p>\n<p><span style=\"font-family: verdana, geneva, sans-serif; font-size: 10pt;\"><strong>M\u00c1RIO JORGE SILVA<\/strong> | escritor<br \/>\n<\/span><span style=\"font-family: verdana, geneva, sans-serif; font-size: 10pt;\">M\u00e1rio Jorge Lopes da Silva, nascido em 1951, \u00e9 natural de Aveiro. Possui uma Licenciatura e P\u00f3s-gradua\u00e7\u00e3o em Educa\u00e7\u00e3o F\u00edsica e Gest\u00e3o da Forma\u00e7\u00e3o Desportiva pela Faculdade Motricidade Humana da Universidade de Lisboa.<\/span><\/p>\n<hr>\n<p><span style=\"font-family: verdana, geneva, sans-serif; font-size: 10pt;\"><strong>bolsa de ilustradores e designers<\/strong><\/span><\/p>\n<p><span style=\"font-family: verdana, geneva, sans-serif; font-size: 10pt;\"><a href=\"https:\/\/jorgebasilio.myportfolio.com\/\" target=\"_blank\" rel=\"noopener\"><strong>JORGE BAS\u00cdLIO<\/strong><\/a> | designer gr\u00e1fico e ilustrador<\/span><br \/>\n<span style=\"font-family: verdana, geneva, sans-serif; font-size: 10pt;\">Professor do Ensino B\u00e1sico, licenciado em Educa\u00e7\u00e3o Visual e mestrado em Tecnologia Educativa, \u00e9 formador na \u00e1rea da educa\u00e7\u00e3o.<\/span><\/p>\n<p><span style=\"font-family: verdana, geneva, sans-serif; font-size: 10pt;\"><a href=\"https:\/\/www.instagram.com\/jmlbaptista\/\" target=\"_blank\" rel=\"noopener\"><strong>JOS\u00c9 M\u00c1RIO L. BAPTISTA<\/strong><\/a> | <em>urban sketcher<\/em><br \/>\n<\/span><span style=\"font-family: verdana, geneva, sans-serif; font-size: 10pt;\">Professor do Ensino B\u00e1sico, licenciado em Matem\u00e1tica e Ci\u00eancias, com licenciatura em Anima\u00e7\u00e3o Comunit\u00e1ria e Mestrado em STEAM. \u00c9 um e<\/span><span style=\"font-family: verdana, geneva, sans-serif; font-size: 10pt;\">ntusiasta do desenho, em particular do <em>urban sketcher<\/em>.<\/span><\/p>\n<p><span style=\"font-family: verdana, geneva, sans-serif; font-size: 10pt;\"><strong>SOFIA LINHARES |&nbsp;<\/strong>ilustradora, artista pl\u00e1stica<\/span><br \/>\n<span style=\"font-family: verdana, geneva, sans-serif; font-size: 10pt;\">Licenciada em Artes Pl\u00e1sticas (Ramo de Pintura) pela Faculdade de Belas Artes da Universidade do Porto. J\u00e1 integrou exposi\u00e7\u00f5es individuais e coletivas, apresenta\u00e7\u00f5es e projetos em colabora\u00e7\u00e3o. Trabalha em v\u00e1rios campos nas artes pl\u00e1sticas, sendo a ilustra\u00e7\u00e3o um deles. Lida com&nbsp;v\u00e1rios tipos de ilustra\u00e7\u00e3o, com destaque para o desenho e aguarela.<\/span><\/p>\n<p><span style=\"font-family: verdana, geneva, sans-serif; font-size: 10pt;\"><a href=\"https:\/\/diogolinhares.myportfolio.com\/\" target=\"_blank\" rel=\"noopener\"><strong>DIOGO LINHARES<\/strong><\/a>&nbsp;| designer gr\u00e1fico e ilustrador<\/span><br \/>\n<span style=\"font-family: verdana, geneva, sans-serif; font-size: 10pt;\">Licenciado em Design Gr\u00e1fico pelo Instituto Polit\u00e9cnico do C\u00e1vado e Ave (IPCA) \u2013 UM. Trabalha em v\u00e1rios tipos de ilustra\u00e7\u00e3o, com destaque para a ilustra\u00e7\u00e3o digital e o design gr\u00e1fico. A \u00e1rea do cinema \u00e9 a sua \u00e1rea predileta onde atualmente tem vindo a concentrar-se.&nbsp;<\/span><\/p>\n<div class=\"entry-content\"><span style=\"font-family: verdana, geneva, sans-serif; font-size: 10pt;\"><strong>JORGE LINHARES<\/strong> | designer gr\u00e1fico e ilustrador<br \/>\nLicenciado em Design Gr\u00e1fico pelo Instituto Polit\u00e9cnico do Porto (ESMAD). Trabalha em v\u00e1rios tipos de ilustra\u00e7\u00e3o, com destaque para a ilustra\u00e7\u00e3o digital e o design gr\u00e1fico.<\/span><\/div>\n","protected":false},"excerpt":{"rendered":"<p>bolsa de escritores JORGE BAS\u00cdLIO | escritor Professor do Ensino B\u00e1sico, licenciado em Educa\u00e7\u00e3o Visual e mestrado em Tecnologia Educativa, \u00e9 formador na \u00e1rea da educa\u00e7\u00e3o. ZULMIRA LIMA | escritora Professora do Ensino P\u00fablico, possui um mestrado em Administra\u00e7\u00e3o e Planifica\u00e7\u00e3o da Educa\u00e7\u00e3o e Especializa\u00e7\u00e3o em Bibliotecas Escolares; \u00e9 formadora de professores. M\u00c1RIO JORGE SILVA &hellip; <\/p>\n<p class=\"link-more\"><a href=\"https:\/\/www.semente-de-letras.pt\/website\/literatura\/colaboradores\/\" class=\"more-link\">Continuar a ler <span class=\"screen-reader-text\">&#8220;colaboradores&#8221;<\/span><\/a><\/p>\n","protected":false},"author":1,"featured_media":0,"parent":8,"menu_order":4,"comment_status":"closed","ping_status":"closed","template":"","meta":{"ngg_post_thumbnail":0,"footnotes":""},"class_list":["post-93","page","type-page","status-publish","hentry"],"_links":{"self":[{"href":"https:\/\/www.semente-de-letras.pt\/website\/wp-json\/wp\/v2\/pages\/93","targetHints":{"allow":["GET"]}}],"collection":[{"href":"https:\/\/www.semente-de-letras.pt\/website\/wp-json\/wp\/v2\/pages"}],"about":[{"href":"https:\/\/www.semente-de-letras.pt\/website\/wp-json\/wp\/v2\/types\/page"}],"author":[{"embeddable":true,"href":"https:\/\/www.semente-de-letras.pt\/website\/wp-json\/wp\/v2\/users\/1"}],"replies":[{"embeddable":true,"href":"https:\/\/www.semente-de-letras.pt\/website\/wp-json\/wp\/v2\/comments?post=93"}],"version-history":[{"count":36,"href":"https:\/\/www.semente-de-letras.pt\/website\/wp-json\/wp\/v2\/pages\/93\/revisions"}],"predecessor-version":[{"id":2191,"href":"https:\/\/www.semente-de-letras.pt\/website\/wp-json\/wp\/v2\/pages\/93\/revisions\/2191"}],"up":[{"embeddable":true,"href":"https:\/\/www.semente-de-letras.pt\/website\/wp-json\/wp\/v2\/pages\/8"}],"wp:attachment":[{"href":"https:\/\/www.semente-de-letras.pt\/website\/wp-json\/wp\/v2\/media?parent=93"}],"curies":[{"name":"wp","href":"https:\/\/api.w.org\/{rel}","templated":true}]}}